o base 2.
10001111101110100111
-347c1 (base 13) to base 9
-155376
2033213 (base 7) to base 6
5115542
-43322422 (base 5) to base 13
-cc765
1415949 (base 10) to base 13
3a7652
What is -110010110011101100010 (base 2) in base 4?
-12112131202
What is -20203012 (base 4) in base 2?
-1000100011000110
What is -29341 (base 14) in base 4?
-120330131
Convert -b609e7 (base 15) to base 9.
-17257061
What is -4a34251 (base 11) in base 15?
-b7b769
-4092 (base 16) to base 7
-66123
10011110110010001 (base 2) to base 16
13d91
What is -15201754 (base 8) in base 9?
-6474887
What is 5919533 (base 10) in base 4?
112211030231
What is 100111011011100 (base 2) in base 13?
925c
Convert -28ad (base 15) to base 4.
-2020021
What is 531047 (base 9) in base 10?
315700
129b8a6 (base 14) to base 5
4244422301
What is -1356645 (base 7) in base 14?
-4a6cc
What is -344076 (base 8) in base 9?
-187185
Convert -1752d (base 15) to base 12.
-3778a
What is -160cc19 (base 13) in base 15?
-94d9db
7819152 (base 10) to base 14
107778c
Convert 68804a (base 12) to base 3.
10010222121011
What is 36446b3 (base 12) in base 15?
dd3769
100002311033 (base 4) to base 8
20026517
395760 (base 10) to base 12
171040
-112131013 (base 4) to base 14
-25739
-113343014 (base 5) to base 3
-222211010021
Convert 21121010202 (base 3) to base 9.
247122
1000122002022 (base 3) to base 11
341701
154417 (base 9) to base 6
2012154
Convert 10100010011101011 (base 2) to base 15.
199a4
-2556b8 (base 13) to base 16
-db205
-9a030 (base 11) to base 3
-21101001112
Convert 334203213 (base 5) to base 8.
5501551
What is 2a2596 (base 11) in base 4?
1303031030
100110020110111 (base 3) to base 15
693851
196c (base 15) to base 7
22020
What is -5030625 (base 7) in base 8?
-2213461
a425a (base 11) to base 6
3131521
-561316 (base 8) to base 10
-189134
Convert 457b0 (base 12) to base 2.
10110101000110100
-2c00e (base 16) to base 14
-49982
Convert -3244430 (base 6) to base 10.
-161730
What is 27b93b (base 13) in base 15?
141d51
Convert -14152213 (base 7) to base 3.
-2111020211121
27218c (base 13) to base 2
11100111001111111000
What is -102101101111 (base 3) in base 2?
-110110101101010110
What is -1000000110110110111000 (base 2) in base 7?
-24031015
Convert 24428 (base 14) to base 5.
10314003
2511252 (base 11) to base 8
20514550
Convert 512185 (base 9) to base 4.
1022010332
What is 1111147 (base 9) in base 6?
20452024
Convert -211212012122001 (base 3) to base 8.
-56257444
What is 2022221201000 (base 3) in base 10?
1239084
46107 (base 14) to base 11
106a77
-1374780 (base 10) to base 16
-14fa3c
What is -6a0a82 (base 11) in base 14?
-20dda8
What is 850231 (base 9) in base 4?
1323120223
Convert 3223402322 (base 5) to base 6.
402543243
Convert -11351a (base 12) to base 10.
-275494
Convert -201211010 (base 4) to base 2.
-100001100101000100
Convert 4251371 (base 8) to base 4.
10111023321
What is 122419 (base 11) in base 16?
2f3db
Convert -35013 (base 11) to base 3.
-2120101210
122224244 (base 5) to base 14
1138b5
What is -1100033122 (base 4) in base 15?
-675b1
What is 47134203 (base 8) in base 6?
1004050123
Convert -1323253 (base 9) to base 16.
-b0c8b
What is 10053145 (base 6) in base 3?
112120212102
What is -212017 (base 9) in base 2?
-11110110010110101
Convert -355403 (base 8) to base 7.
-1014346
-312510 (base 9) to base 14
-4b8ba
What is 102000001110 (base 3) in base 7?
1561230
Convert -6ebc2 (base 15) to base 12.
-1507b5
-12200022001021 (base 3) to base 6
-144401141
Convert 3422022414 (base 5) to base 16.
742268
Convert 2760074 (base 8) to base 10.
778300
What is 12a328 (base 11) in base 4?
301310010
-317631 (base 9) to base 15
-3b16a
Convert -bd3604 (base 16) to base 10.
-12400132
What is -20403231 (base 8) in base 11?
-2495a96
Convert -120962a (base 12) to base 14.
-671790
Convert 124315542 (base 6) to base 14.
47b846
Convert 111010001000111111010000 (base 2) to base 7.
243355615
Convert 111110101100111000010 (base 2) to base 5.
1011221334
-7274654 (base 8) to base 5
-443303232
What is -19637 (base 14) in base 10?
-64337
-12ec39 (base 16) to base 14
-243d21
-568957 (base 10) to base 2
-10001010111001111101
What is -5c71c7 (base 13) in base 10?
-2214908
What is -7b5eb (base 15) in base 4?
-1133322032
Convert -638410 (base 9) to base 8.
-1346356
12a544 (base 13) to base 12
1991b2
-428986 (base 13) to base 15
-20ca01
3115884 (base 9) to base 6
55401034
What is 80100 (base 13) in base 10?
228657
What is -50664 (base 15) in base 8?
-761151
-212100201222 (base 3) to base 4
-1300100201
-1100000000000110111 (base 2) to base 13
-10a008
Convert 1a3399 (base 11) to base 2.
1001100001001110101
What is 336003 (base 9) in base 2?
110001000111110111
-826b6e (base 15) to base 9
-12587475
7522226 (base 8) to base 7
23032565
What is -1012012021220 (base 3) in base 13?
-1925a3
What is -3512380 (base 9) in base 5?
-441213102
Convert 43911 (base 15) to base 3.
101220110121
928434 (base 12) to base 4
20300121220
What is 432342 (base 7) in base 5?
4402134
Convert 15411225 (base 6) to base 5.
114432141
50aae (base 15) to base 4
332120303
-102112241 (base 5) to base 8
-1477732
eb6d9 (base 16) to base 4
3223123121
Convert 13051461 (base 7) to base 15.
1874bc
Convert -122864 (base 15) to base 12.
-35b071
3052559 (base 10) to base 2
1011101001010000001111
19cd570 (base 14) to base 12
43866ba
-12a293 (base 11) to base 16
-31cd3
-1254307 (base 10) to base 14
-249175
-10000111100000111101000 (base 2) to base 5
-2114044202
-1100111110000011110 (base 2) to base 8
-1476036
Convert 72997 (base 11) to base 6.
2140200
What is 853419 (base 10) in base 6?
30143003
What is -1152234 (base 8) in base 2?
-1001101010010011100
What is 3606011 (base 8) in base 7?
11244663
What is -31813242 (base 9) in base 7?
-244400156
Convert -402330 (base 9) to base 2.
-111010000101100100
Convert -103201010 (base 4) to base 9.
-131582
493a5 (base 14) to base 13
63695
Convert -148f3 (base 16) to base 13.
-2c43a
-36200221 (base 7) to base 3
-20001002122011
What is 87362 (base 12) in base 4?
223210322
What is 347556 (base 11) in base 7?
4455312
What is -4134850 (base 9) in base 5?
-1031124410
Convert 5c9ad (base 15) to base 10.
295813
Convert 20220423 (base 6) to base 8.
2151177
Convert 11004011 (base 5) to base 3.
11210021222
What is -1111102010201 (base 3) in base 7?
-6522031
What is -d29d0 (base 14) in base 12?
-20538a
What is 34ab34 (base 13) in base 5?
310030440
-310415450 (base 6) to base 14
-9d4850
Convert 127285 (base 14) to base 6.
21332525
3fa76 (base 16) to base 12
106a72
Convert 914762 (base 10) to base 12.
381462
-302310022 (base 4) to base 15
-41a0d
Convert -147d5b (base 16) to base 9.
-2465882
222131202030 (base 4) to base 3
202221111220000
13a218 (base 16) to base 2
100111010001000011000
-c455c (base 13) to base 10
-352442
Convert -32230221 (base 7) to base 2.
-1010011110100111101001
Convert 435666 (base 11) to base 9.
1270136
Convert -3077 (base 9) to base 7.
-6403
-1aa2508 (base 11) to base 13
-9686c7
2221300 (base 5) to base 16
9826
What is -110445500 (base 7) in base 3?
-110112201120222
1430432 (base 7) to base 16
2ef2b
4b5ba6 (base 12) to base 10
1233774
What is -124359 (base 10) in base 6?
-2355423
Convert -3023354 (base 8) to base 6.
-25023004
Convert -125154333 (base 6) to base 2.
-1001011111011011010001
What is 11683503 (base 9) in base 11?
325a403
What is -1012322312 (base 4) in base 14?
-77c10
-100011011010001111111 (base 2) to base 8
-4332177
Convert 14756 (base 8) to base 7.
25232
Convert 142a8b (base 12) to base 5.
41234104
2f158c (base 16) to base 10
3085708
What is 228647 (base 9) in base 3?
20222201121
-31ab57 (base 13) to base 5
-244310331
What is 171cb3 (base 16) in base 11?
944aa8
Convert -55254 (base 8) to base 9.
-34751
What is 1420224414 (base 5) in base 15?
4ca574
What is 2275341 (base 11) in base 6?
221105422
-2512150 (base 8) to base 16
-a9468
886a0 (base 11) to base 16
1f664
Convert a7c0 (base 14) to base 9.
43670
Convert -11041304 (base 5) to base 15.
-1d8a4
132233031100 (base 4) to base 5
4030321210
155506 (base 13) to base 3
222201110001
-970512 (base 12) to base 4
-21012113132
Convert -29910 (base 12) to base 5.
-3331312
1d4480 (base 16) to base 13
522078
-224332454 (base 6) to base 15
-569b54
-325183 (base 9) to base 14
-50a22
-3234033203 (base 5) t